{"id":736,"date":"2015-10-29T16:03:09","date_gmt":"2015-10-29T15:03:09","guid":{"rendered":"http:\/\/steuerkanzlei-leipzig.com\/inhalt\/?page_id=736"},"modified":"2018-06-28T11:17:16","modified_gmt":"2018-06-28T09:17:16","slug":"einkommensteuererklaerungen","status":"publish","type":"page","link":"https:\/\/steuerkanzlei-leipzig.com\/inhalt\/leistungen\/einkommensteuererklaerungen\/","title":{"rendered":"Steuererkl\u00e4rungen"},"content":{"rendered":"\n<style type=\"text\/css\" data-created_by=\"avia_inline_auto\" id=\"style-css-av-22u3g8-d7b0b30c02138a452574fdcb94361bc5\">\n.avia-section.av-22u3g8-d7b0b30c02138a452574fdcb94361bc5 .av-parallax .av-parallax-inner{\nbackground-repeat:no-repeat;\nbackground-image:url(https:\/\/steuerkanzlei-leipzig.com\/inhalt\/wp-content\/uploads\/2014\/08\/Fotolia_103777152_S.jpg);\nbackground-position:50% 50%;\nbackground-attachment:scroll;\n}\n.avia-section.av-22u3g8-d7b0b30c02138a452574fdcb94361bc5 .av-section-color-overlay{\nopacity:0.2;\nbackground-color:#000000;\n}\n<\/style>\n<div id='av_section_1'  class='avia-section av-22u3g8-d7b0b30c02138a452574fdcb94361bc5 main_color avia-section-large avia-no-shadow  avia-builder-el-0  el_before_av_section  avia-builder-el-first  avia-full-stretch av-parallax-section avia-bg-style-parallax av-section-color-overlay-active container_wrap sidebar_right'  data-section-bg-repeat='stretch'><div class='av-parallax' data-avia-parallax-ratio='0.3' ><div class='av-parallax-inner main_color avia-full-stretch'><\/div><\/div><div class=\"av-section-color-overlay-wrap\"><div class=\"av-section-color-overlay\"><\/div><div class='container av-section-cont-open' ><main  role=\"main\" itemprop=\"mainContentOfPage\"  class='template-page content  av-content-small alpha units'><div class='post-entry post-entry-type-page post-entry-736'><div class='entry-content-wrapper clearfix'>\n\n<style type=\"text\/css\" data-created_by=\"avia_inline_auto\" id=\"style-css-av-jiyc4xmj-8be2ef085f6339fb3c28a55690b4620e\">\n#top .av-special-heading.av-jiyc4xmj-8be2ef085f6339fb3c28a55690b4620e{\npadding-bottom:15px;\ncolor:#ffffff;\nfont-size:50px;\n}\nbody .av-special-heading.av-jiyc4xmj-8be2ef085f6339fb3c28a55690b4620e .av-special-heading-tag .heading-char{\nfont-size:25px;\n}\n#top #wrap_all .av-special-heading.av-jiyc4xmj-8be2ef085f6339fb3c28a55690b4620e .av-special-heading-tag{\nfont-size:50px;\n}\n.av-special-heading.av-jiyc4xmj-8be2ef085f6339fb3c28a55690b4620e .special-heading-inner-border{\nborder-color:#ffffff;\n}\n.av-special-heading.av-jiyc4xmj-8be2ef085f6339fb3c28a55690b4620e .av-subheading{\nfont-size:15px;\n}\n\n@media only screen and (min-width: 480px) and (max-width: 767px){ \n#top #wrap_all .av-special-heading.av-jiyc4xmj-8be2ef085f6339fb3c28a55690b4620e .av-special-heading-tag{\nfont-size:0.8em;\n}\n}\n\n@media only screen and (max-width: 479px){ \n#top #wrap_all .av-special-heading.av-jiyc4xmj-8be2ef085f6339fb3c28a55690b4620e .av-special-heading-tag{\nfont-size:0.8em;\n}\n}\n<\/style>\n<div  class='av-special-heading av-jiyc4xmj-8be2ef085f6339fb3c28a55690b4620e av-special-heading-h1 custom-color-heading blockquote modern-quote modern-centered  avia-builder-el-1  avia-builder-el-no-sibling  av-inherit-size'><div class='av_custom_color av-subheading av-subheading_above'><p>Leistungen<\/p>\n<\/div><h1 class='av-special-heading-tag '  itemprop=\"headline\"  >Einkommensteuererkl\u00e4rungen<\/h1><div class=\"special-heading-border\"><div class=\"special-heading-inner-border\"><\/div><\/div><\/div>\n<\/div><\/div><\/main><!-- close content main element --><\/div><\/div><\/div><div id='av_section_2'  class='avia-section av-1p8jzs-29fcb46da9e361a858a97ca6565f5500 main_color avia-section-small avia-no-border-styling  avia-builder-el-2  el_after_av_section  avia-builder-el-last  avia-bg-style-fixed container_wrap sidebar_right'  ><div class='container av-section-cont-open' ><div class='template-page content  av-content-small alpha units'><div class='post-entry post-entry-type-page post-entry-736'><div class='entry-content-wrapper clearfix'>\n<div class='flex_column_table av-1m0xyg-e13559c19ca03a4e3b4275e21eaedaf7 sc-av_two_third av-equal-height-column-flextable'>\n<style type=\"text\/css\" data-created_by=\"avia_inline_auto\" id=\"style-css-av-1m0xyg-e13559c19ca03a4e3b4275e21eaedaf7\">\n#top .flex_column_table.av-equal-height-column-flextable.av-1m0xyg-e13559c19ca03a4e3b4275e21eaedaf7{\nmargin-top:-60px;\nmargin-bottom:0px;\n}\n.flex_column.av-1m0xyg-e13559c19ca03a4e3b4275e21eaedaf7{\nborder-radius:0px 0px 0px 0px;\npadding:30px 30px 30px 30px;\nbackground-color:#ffffff;\n}\n<\/style>\n<div  class='flex_column av-1m0xyg-e13559c19ca03a4e3b4275e21eaedaf7 av_two_third  avia-builder-el-3  el_before_av_one_third  avia-builder-el-first  first no_margin flex_column_table_cell av-equal-height-column av-align-top  '     ><p>\n<style type=\"text\/css\" data-created_by=\"avia_inline_auto\" id=\"style-css-av-iut4-8a4f18da03e83ffb61abb1bdd30c1e3e\">\n#top .av-special-heading.av-iut4-8a4f18da03e83ffb61abb1bdd30c1e3e{\npadding-bottom:0;\nfont-size:30px;\n}\nbody .av-special-heading.av-iut4-8a4f18da03e83ffb61abb1bdd30c1e3e .av-special-heading-tag .heading-char{\nfont-size:25px;\n}\n#top #wrap_all .av-special-heading.av-iut4-8a4f18da03e83ffb61abb1bdd30c1e3e .av-special-heading-tag{\nfont-size:30px;\n}\n.av-special-heading.av-iut4-8a4f18da03e83ffb61abb1bdd30c1e3e .av-subheading{\nfont-size:15px;\n}\n\n@media only screen and (min-width: 480px) and (max-width: 767px){ \n#top #wrap_all .av-special-heading.av-iut4-8a4f18da03e83ffb61abb1bdd30c1e3e .av-special-heading-tag{\nfont-size:0.8em;\n}\n}\n\n@media only screen and (max-width: 479px){ \n#top #wrap_all .av-special-heading.av-iut4-8a4f18da03e83ffb61abb1bdd30c1e3e .av-special-heading-tag{\nfont-size:0.8em;\n}\n}\n<\/style>\n<div  class='av-special-heading av-iut4-8a4f18da03e83ffb61abb1bdd30c1e3e av-special-heading-h3 blockquote modern-quote  avia-builder-el-4  el_before_av_textblock  avia-builder-el-first  av-inherit-size'><h3 class='av-special-heading-tag '  itemprop=\"headline\"  >Einkommensteuererkl\u00e4rungen<\/h3><div class=\"special-heading-border\"><div class=\"special-heading-inner-border\"><\/div><\/div><\/div><br \/>\n<section  class='av_textblock_section av-187ny8-532381a41d987a90cc39b509768be624 '   itemscope=\"itemscope\" itemtype=\"https:\/\/schema.org\/CreativeWork\" ><div class='avia_textblock'  itemprop=\"text\" ><p>Sch\u00f6pfen Sie Ihre M\u00f6glichkeiten aus:\u00a0Wir \u00fcbernehmen Ihre Einkommensteuererkl\u00e4rung, damit Sie Ihr Geld zur\u00fcckbekommen.<\/p>\n<p><strong>Was haben SIE davon?<\/strong><\/p>\n<ul>\n<li>Zeitersparnis\u00a0&#8211; Wir k\u00fcmmern uns um Ihre steuerlichen Belange<\/li>\n<li>Sicherheit &#8211;\u00a0Wir sch\u00f6pfen s\u00e4mtlichen gesetzlichen M\u00f6glichkeiten f\u00fcr Sie aus<\/li>\n<li>effiziente Abwicklung &#8211;\u00a0Sie erhalten kurzfristig nach Abgabe der Belege Ihre fertige Steuererkl\u00e4rung<\/li>\n<li>Sie sparen Geld &#8211;\u00a0Sie verschenken kein Geld an das Finanzamt<\/li>\n<\/ul>\n<p>Ganz gleich ob Sie angestellt oder selbst\u00e4ndig erfolgreich sind, ob Sie Immobilien vermieten oder bereits in Rente sind: Wir k\u00fcmmern uns professionell um Ihre Steuererkl\u00e4rung und nutzen f\u00fcr Sie steuerliche M\u00f6glichkeiten optimal aus.<\/p>\n<p>Sie wissen nicht, was Sie alles absetzen k\u00f6nnen? Wir erstellen Ihre Steuererkl\u00e4rung rechtssicher und ber\u00fccksichtigen s\u00e4mtliche steuermindernde Tatsachen. Stellen Sie einfach Ihre Unterlagen zusammen und vereinbaren einen Termin. Selbstverst\u00e4ndlich \u00fcbernehmen wir den Schriftverkehr und die gesamte Kommunikation mit den Finanzbeh\u00f6rden &#8211; und setzen konsequent Ihre Rechte durch.<\/p>\n<p><strong>Ihr Nutzen<\/strong><\/p>\n<ol>\n<li>Ausf\u00fchrliches pers\u00f6nliches Beratungsgespr\u00e4ch<\/li>\n<li>Ausnutzung s\u00e4mtlicher steuermindernder Tatsachen<\/li>\n<li>Rechtssichere Erstellung auf aktuellem Rechtsstand<\/li>\n<li>Eingehende \u00dcberpr\u00fcfung der Steuerbescheide<\/li>\n<li>\u00dcbernahme des Schriftverkehrs mit den Finanzbeh\u00f6rden<\/li>\n<li>Durchsetzung Ihrer Rechte gegen\u00fcber den Finanzbeh\u00f6rden<\/li>\n<\/ol>\n<p><strong>Wann kann es sinnvoll sein, freiwillig eine Steuererkl\u00e4rung abzugeben?<\/strong><\/p>\n<ol>\n<li>Kein Freistellungsauftrag bei den Eink\u00fcnften aus Kapitalverm\u00f6gen erteilt<\/li>\n<li>Kapitalertr\u00e4ge \u00fcbersteigen den Sparerpauschbetrag, der Grenzsteuersatz ist niedriger als 25 % weil keine oder nur niedrige andere Eink\u00fcnfte vorhanden sind (z. B. Rentner mit Zinsertr\u00e4gen)<\/li>\n<li>Riester- oder R\u00fcrup-Rentenversicherung<\/li>\n<li>Kinderbetreuungskosten<\/li>\n<li>Weite Entfernung zur Arbeitsstelle<\/li>\n<li>Nicht erstattete Werbungskosten<\/li>\n<li>Haushaltsnahe Dienstleistungen (Handwerker, Putzfrau, Schornsteinfeger, Treppenreinigungskraft in der selbstgenutzten Wohnung\/Haus, Hausmeisterkosten in der Nebenkostenabrechnung ausgewiesen)<\/li>\n<li>Berufliche Fortbildung oder Ausbildung<\/li>\n<li>Sie sind Mutter oder Vater geworden<\/li>\n<li>Sie haben geheiratet<\/li>\n<li>Ihr Besch\u00e4ftigungsverh\u00e4ltnis hat nicht das gesamte Jahr bestanden<\/li>\n<\/ol>\n<\/div><\/section><\/p><\/div>\n<style type=\"text\/css\" data-created_by=\"avia_inline_auto\" id=\"style-css-av-113ypc-357d9cb84b15b0fd18ec9592f3c87e23\">\n#top .flex_column_table.av-equal-height-column-flextable.av-113ypc-357d9cb84b15b0fd18ec9592f3c87e23{\nmargin-top:-60px;\nmargin-bottom:0px;\n}\n.flex_column.av-113ypc-357d9cb84b15b0fd18ec9592f3c87e23{\nborder-radius:0px 0px 0px 0px;\npadding:30px 30px 30px 30px;\nbackground-color:#f0f0f0;\n}\n<\/style>\n<div  class='flex_column av-113ypc-357d9cb84b15b0fd18ec9592f3c87e23 av_one_third  avia-builder-el-6  el_after_av_two_third  avia-builder-el-last  no_margin flex_column_table_cell av-equal-height-column av-align-top  '     ><p>\n<style type=\"text\/css\" data-created_by=\"avia_inline_auto\" id=\"style-css-av-vszpc-31dba5ce22fc02d4455a8d197f263e11\">\n#top .av-special-heading.av-vszpc-31dba5ce22fc02d4455a8d197f263e11{\npadding-bottom:0;\nfont-size:30px;\n}\nbody .av-special-heading.av-vszpc-31dba5ce22fc02d4455a8d197f263e11 .av-special-heading-tag .heading-char{\nfont-size:25px;\n}\n#top #wrap_all .av-special-heading.av-vszpc-31dba5ce22fc02d4455a8d197f263e11 .av-special-heading-tag{\nfont-size:30px;\n}\n.av-special-heading.av-vszpc-31dba5ce22fc02d4455a8d197f263e11 .av-subheading{\nfont-size:15px;\n}\n\n@media only screen and (min-width: 480px) and (max-width: 767px){ \n#top #wrap_all .av-special-heading.av-vszpc-31dba5ce22fc02d4455a8d197f263e11 .av-special-heading-tag{\nfont-size:0.8em;\n}\n}\n\n@media only screen and (max-width: 479px){ \n#top #wrap_all .av-special-heading.av-vszpc-31dba5ce22fc02d4455a8d197f263e11 .av-special-heading-tag{\nfont-size:0.8em;\n}\n}\n<\/style>\n<div  class='av-special-heading av-vszpc-31dba5ce22fc02d4455a8d197f263e11 av-special-heading-h3 blockquote modern-quote  avia-builder-el-7  el_before_av_hr  avia-builder-el-first  av-inherit-size'><h3 class='av-special-heading-tag '  itemprop=\"headline\"  >Einkommensteuer-Erkl\u00e4rung f\u00fcr Rentner<\/h3><div class=\"special-heading-border\"><div class=\"special-heading-inner-border\"><\/div><\/div><\/div><br \/>\n\n<style type=\"text\/css\" data-created_by=\"avia_inline_auto\" id=\"style-css-av-qoj9s-84288570e10a9d8918e4462de7d1812f\">\n#top .hr.hr-invisible.av-qoj9s-84288570e10a9d8918e4462de7d1812f{\nheight:15px;\n}\n<\/style>\n<div  class='hr av-qoj9s-84288570e10a9d8918e4462de7d1812f hr-invisible  avia-builder-el-8  el_after_av_heading  el_before_av_image '><span class='hr-inner '><span class=\"hr-inner-style\"><\/span><\/span><\/div><br \/>\n\n<style type=\"text\/css\" data-created_by=\"avia_inline_auto\" id=\"style-css-av-ln91c-d916e9c2b9704ed2d55dc88cf95fad3f\">\n.avia-image-container.av-ln91c-d916e9c2b9704ed2d55dc88cf95fad3f img.avia_image{\nbox-shadow:none;\n}\n.avia-image-container.av-ln91c-d916e9c2b9704ed2d55dc88cf95fad3f .av-image-caption-overlay-center{\ncolor:#ffffff;\n}\n<\/style>\n<div  class='avia-image-container av-ln91c-d916e9c2b9704ed2d55dc88cf95fad3f av-styling- av-hover-grow avia_animated_image av-animated-when-visible-95 pop-up avia-align-left  avia-builder-el-9  el_after_av_hr  el_before_av_hr '   itemprop=\"image\" itemscope=\"itemscope\" itemtype=\"https:\/\/schema.org\/ImageObject\" ><div class=\"avia-image-container-inner\"><div class=\"avia-image-overlay-wrap\"><img decoding=\"async\" fetchpriority=\"high\" class='wp-image-799 avia-img-lazy-loading-not-799 avia_image ' src=\"https:\/\/steuerkanzlei-leipzig.com\/inhalt\/wp-content\/uploads\/2015\/10\/rentnerehepaar-495x400.jpg\" alt='' title='rentnerehepaar'  height=\"400\" width=\"495\"  itemprop=\"thumbnailUrl\" srcset=\"https:\/\/steuerkanzlei-leipzig.com\/inhalt\/wp-content\/uploads\/2015\/10\/rentnerehepaar-495x400.jpg 495w, https:\/\/steuerkanzlei-leipzig.com\/inhalt\/wp-content\/uploads\/2015\/10\/rentnerehepaar-845x684.jpg 845w\" sizes=\"(max-width: 495px) 100vw, 495px\" \/><\/div><\/div><\/div><br \/>\n\n<style type=\"text\/css\" data-created_by=\"avia_inline_auto\" id=\"style-css-av-cz8s8-e4f5eb4b20605db22fe7fb4fd92dc549\">\n#top .hr.hr-invisible.av-cz8s8-e4f5eb4b20605db22fe7fb4fd92dc549{\nheight:15px;\n}\n<\/style>\n<div  class='hr av-cz8s8-e4f5eb4b20605db22fe7fb4fd92dc549 hr-invisible  avia-builder-el-10  el_after_av_image  el_before_av_textblock '><span class='hr-inner '><span class=\"hr-inner-style\"><\/span><\/span><\/div><br \/>\n<section  class='av_textblock_section av-blfko-c9a2f4f73f371a5bf5d3eea4fef86057 '   itemscope=\"itemscope\" itemtype=\"https:\/\/schema.org\/CreativeWork\" ><div class='avia_textblock'  itemprop=\"text\" ><p><strong>Bin ich als Rentner verpflichtet eine Steuererkl\u00e4rung abzugeben?<\/strong><\/p>\n<p>Mit dem 1. Januar 2005 wurde die sogenannte nachgelagerte Rentenbesteuerung eingef\u00fchrt. Dadurch kann es im Einzelfall wieder zu einer Verpflichtung zur Abgabe einer Steuererkl\u00e4rung kommen, auch wenn jahrelang keine Steuererkl\u00e4rungen abgegeben wurden, da die Renten seit 2005 h\u00f6her besteuert werden als vorher.<\/p>\n<p>Gerne stellen\u00a0wir f\u00fcr Sie fest, ob Sie verpflichtet sind eine Steuererkl\u00e4rung abzugeben.<\/p>\n<p><strong>Kann ich eine Steuererstattung erhalten, wenn ich eine Steuererkl\u00e4rung abgebe?<\/strong><\/p>\n<p>Durch die Einf\u00fchrung der Abgeltungssteuer seit dem 1. Januar 2009 kann eine zu hohe Steuerbelastung bei den Kapitalertr\u00e4gen entstehen, wenn der individuelle Grenzsteuersatz niedriger als die einbehaltene Abgeltungssteuer (25 %) ist.<br \/>\nDurch Abgabe einer Steuererkl\u00e4rung kann in diesen F\u00e4llen die zu viel einbehaltene Abgeltungssteuer erstattet werden.<\/p>\n<p>Gerne \u00fcberpr\u00fcfen wir, ob durch Abgabe der Steuererkl\u00e4rung eine Steuererstattung zu erreichen ist.<\/p>\n<\/div><\/section><\/p><\/div><\/div><!--close column table wrapper. Autoclose: 1 -->\n<\/div><\/div><\/div><!-- close content main div --><\/div><\/div><div id='after_section_2'  class='main_color av_default_container_wrap container_wrap sidebar_right'  ><div class='container av-section-cont-open' ><div class='template-page content  av-content-small alpha units'><div class='post-entry post-entry-type-page post-entry-736'><div class='entry-content-wrapper clearfix'><\/p>\n","protected":false},"excerpt":{"rendered":"","protected":false},"author":1,"featured_media":0,"parent":519,"menu_order":0,"comment_status":"closed","ping_status":"closed","template":"","meta":{"footnotes":""},"class_list":["post-736","page","type-page","status-publish","hentry"],"yoast_head":"<!-- This site is optimized with the Yoast SEO plugin v26.7 - https:\/\/yoast.com\/wordpress\/plugins\/seo\/ -->\n<title>Steuererkl\u00e4rungen - Steuerberatung Mandy Else<\/title>\n<meta name=\"robots\" content=\"index, follow, max-snippet:-1, max-image-preview:large, max-video-preview:-1\" \/>\n<link rel=\"canonical\" href=\"https:\/\/steuerkanzlei-leipzig.com\/inhalt\/leistungen\/einkommensteuererklaerungen\/\" \/>\n<meta property=\"og:locale\" content=\"de_DE\" \/>\n<meta property=\"og:type\" content=\"article\" \/>\n<meta property=\"og:title\" content=\"Steuererkl\u00e4rungen - Steuerberatung Mandy Else\" \/>\n<meta property=\"og:url\" content=\"https:\/\/steuerkanzlei-leipzig.com\/inhalt\/leistungen\/einkommensteuererklaerungen\/\" \/>\n<meta property=\"og:site_name\" content=\"Steuerberatung Mandy Else\" \/>\n<meta property=\"article:modified_time\" content=\"2018-06-28T09:17:16+00:00\" \/>\n<meta name=\"twitter:card\" content=\"summary_large_image\" \/>\n<meta name=\"twitter:label1\" content=\"Gesch\u00e4tzte Lesezeit\" \/>\n\t<meta name=\"twitter:data1\" content=\"5\u00a0Minuten\" \/>\n<script type=\"application\/ld+json\" class=\"yoast-schema-graph\">{\"@context\":\"https:\/\/schema.org\",\"@graph\":[{\"@type\":\"WebPage\",\"@id\":\"https:\/\/steuerkanzlei-leipzig.com\/inhalt\/leistungen\/einkommensteuererklaerungen\/\",\"url\":\"https:\/\/steuerkanzlei-leipzig.com\/inhalt\/leistungen\/einkommensteuererklaerungen\/\",\"name\":\"Steuererkl\u00e4rungen - Steuerberatung Mandy Else\",\"isPartOf\":{\"@id\":\"https:\/\/steuerkanzlei-leipzig.com\/inhalt\/#website\"},\"datePublished\":\"2015-10-29T15:03:09+00:00\",\"dateModified\":\"2018-06-28T09:17:16+00:00\",\"breadcrumb\":{\"@id\":\"https:\/\/steuerkanzlei-leipzig.com\/inhalt\/leistungen\/einkommensteuererklaerungen\/#breadcrumb\"},\"inLanguage\":\"de\",\"potentialAction\":[{\"@type\":\"ReadAction\",\"target\":[\"https:\/\/steuerkanzlei-leipzig.com\/inhalt\/leistungen\/einkommensteuererklaerungen\/\"]}]},{\"@type\":\"BreadcrumbList\",\"@id\":\"https:\/\/steuerkanzlei-leipzig.com\/inhalt\/leistungen\/einkommensteuererklaerungen\/#breadcrumb\",\"itemListElement\":[{\"@type\":\"ListItem\",\"position\":1,\"name\":\"Startseite\",\"item\":\"https:\/\/steuerkanzlei-leipzig.com\/inhalt\/\"},{\"@type\":\"ListItem\",\"position\":2,\"name\":\"Leistungen\",\"item\":\"https:\/\/steuerkanzlei-leipzig.com\/inhalt\/leistungen\/\"},{\"@type\":\"ListItem\",\"position\":3,\"name\":\"Steuererkl\u00e4rungen\"}]},{\"@type\":\"WebSite\",\"@id\":\"https:\/\/steuerkanzlei-leipzig.com\/inhalt\/#website\",\"url\":\"https:\/\/steuerkanzlei-leipzig.com\/inhalt\/\",\"name\":\"Steuerberatung Mandy Else\",\"description\":\"Ihre Steuerberatung in Leipzig \/ Sachsen\",\"publisher\":{\"@id\":\"https:\/\/steuerkanzlei-leipzig.com\/inhalt\/#organization\"},\"potentialAction\":[{\"@type\":\"SearchAction\",\"target\":{\"@type\":\"EntryPoint\",\"urlTemplate\":\"https:\/\/steuerkanzlei-leipzig.com\/inhalt\/?s={search_term_string}\"},\"query-input\":{\"@type\":\"PropertyValueSpecification\",\"valueRequired\":true,\"valueName\":\"search_term_string\"}}],\"inLanguage\":\"de\"},{\"@type\":\"Organization\",\"@id\":\"https:\/\/steuerkanzlei-leipzig.com\/inhalt\/#organization\",\"name\":\"Steuerberatung Mandy Else\",\"url\":\"https:\/\/steuerkanzlei-leipzig.com\/inhalt\/\",\"logo\":{\"@type\":\"ImageObject\",\"inLanguage\":\"de\",\"@id\":\"https:\/\/steuerkanzlei-leipzig.com\/inhalt\/#\/schema\/logo\/image\/\",\"url\":\"https:\/\/steuerkanzlei-leipzig.com\/inhalt\/wp-content\/uploads\/2015\/05\/Leipzig-Steuerberatung-Logo.jpg\",\"contentUrl\":\"https:\/\/steuerkanzlei-leipzig.com\/inhalt\/wp-content\/uploads\/2015\/05\/Leipzig-Steuerberatung-Logo.jpg\",\"width\":600,\"height\":400,\"caption\":\"Steuerberatung Mandy Else\"},\"image\":{\"@id\":\"https:\/\/steuerkanzlei-leipzig.com\/inhalt\/#\/schema\/logo\/image\/\"}}]}<\/script>\n<!-- \/ Yoast SEO plugin. -->","yoast_head_json":{"title":"Steuererkl\u00e4rungen - Steuerberatung Mandy Else","robots":{"index":"index","follow":"follow","max-snippet":"max-snippet:-1","max-image-preview":"max-image-preview:large","max-video-preview":"max-video-preview:-1"},"canonical":"https:\/\/steuerkanzlei-leipzig.com\/inhalt\/leistungen\/einkommensteuererklaerungen\/","og_locale":"de_DE","og_type":"article","og_title":"Steuererkl\u00e4rungen - Steuerberatung Mandy Else","og_url":"https:\/\/steuerkanzlei-leipzig.com\/inhalt\/leistungen\/einkommensteuererklaerungen\/","og_site_name":"Steuerberatung Mandy Else","article_modified_time":"2018-06-28T09:17:16+00:00","twitter_card":"summary_large_image","twitter_misc":{"Gesch\u00e4tzte Lesezeit":"5\u00a0Minuten"},"schema":{"@context":"https:\/\/schema.org","@graph":[{"@type":"WebPage","@id":"https:\/\/steuerkanzlei-leipzig.com\/inhalt\/leistungen\/einkommensteuererklaerungen\/","url":"https:\/\/steuerkanzlei-leipzig.com\/inhalt\/leistungen\/einkommensteuererklaerungen\/","name":"Steuererkl\u00e4rungen - Steuerberatung Mandy Else","isPartOf":{"@id":"https:\/\/steuerkanzlei-leipzig.com\/inhalt\/#website"},"datePublished":"2015-10-29T15:03:09+00:00","dateModified":"2018-06-28T09:17:16+00:00","breadcrumb":{"@id":"https:\/\/steuerkanzlei-leipzig.com\/inhalt\/leistungen\/einkommensteuererklaerungen\/#breadcrumb"},"inLanguage":"de","potentialAction":[{"@type":"ReadAction","target":["https:\/\/steuerkanzlei-leipzig.com\/inhalt\/leistungen\/einkommensteuererklaerungen\/"]}]},{"@type":"BreadcrumbList","@id":"https:\/\/steuerkanzlei-leipzig.com\/inhalt\/leistungen\/einkommensteuererklaerungen\/#breadcrumb","itemListElement":[{"@type":"ListItem","position":1,"name":"Startseite","item":"https:\/\/steuerkanzlei-leipzig.com\/inhalt\/"},{"@type":"ListItem","position":2,"name":"Leistungen","item":"https:\/\/steuerkanzlei-leipzig.com\/inhalt\/leistungen\/"},{"@type":"ListItem","position":3,"name":"Steuererkl\u00e4rungen"}]},{"@type":"WebSite","@id":"https:\/\/steuerkanzlei-leipzig.com\/inhalt\/#website","url":"https:\/\/steuerkanzlei-leipzig.com\/inhalt\/","name":"Steuerberatung Mandy Else","description":"Ihre Steuerberatung in Leipzig \/ Sachsen","publisher":{"@id":"https:\/\/steuerkanzlei-leipzig.com\/inhalt\/#organization"},"potentialAction":[{"@type":"SearchAction","target":{"@type":"EntryPoint","urlTemplate":"https:\/\/steuerkanzlei-leipzig.com\/inhalt\/?s={search_term_string}"},"query-input":{"@type":"PropertyValueSpecification","valueRequired":true,"valueName":"search_term_string"}}],"inLanguage":"de"},{"@type":"Organization","@id":"https:\/\/steuerkanzlei-leipzig.com\/inhalt\/#organization","name":"Steuerberatung Mandy Else","url":"https:\/\/steuerkanzlei-leipzig.com\/inhalt\/","logo":{"@type":"ImageObject","inLanguage":"de","@id":"https:\/\/steuerkanzlei-leipzig.com\/inhalt\/#\/schema\/logo\/image\/","url":"https:\/\/steuerkanzlei-leipzig.com\/inhalt\/wp-content\/uploads\/2015\/05\/Leipzig-Steuerberatung-Logo.jpg","contentUrl":"https:\/\/steuerkanzlei-leipzig.com\/inhalt\/wp-content\/uploads\/2015\/05\/Leipzig-Steuerberatung-Logo.jpg","width":600,"height":400,"caption":"Steuerberatung Mandy Else"},"image":{"@id":"https:\/\/steuerkanzlei-leipzig.com\/inhalt\/#\/schema\/logo\/image\/"}}]}},"_links":{"self":[{"href":"https:\/\/steuerkanzlei-leipzig.com\/inhalt\/wp-json\/wp\/v2\/pages\/736","targetHints":{"allow":["GET"]}}],"collection":[{"href":"https:\/\/steuerkanzlei-leipzig.com\/inhalt\/wp-json\/wp\/v2\/pages"}],"about":[{"href":"https:\/\/steuerkanzlei-leipzig.com\/inhalt\/wp-json\/wp\/v2\/types\/page"}],"author":[{"embeddable":true,"href":"https:\/\/steuerkanzlei-leipzig.com\/inhalt\/wp-json\/wp\/v2\/users\/1"}],"replies":[{"embeddable":true,"href":"https:\/\/steuerkanzlei-leipzig.com\/inhalt\/wp-json\/wp\/v2\/comments?post=736"}],"version-history":[{"count":18,"href":"https:\/\/steuerkanzlei-leipzig.com\/inhalt\/wp-json\/wp\/v2\/pages\/736\/revisions"}],"predecessor-version":[{"id":1766,"href":"https:\/\/steuerkanzlei-leipzig.com\/inhalt\/wp-json\/wp\/v2\/pages\/736\/revisions\/1766"}],"up":[{"embeddable":true,"href":"https:\/\/steuerkanzlei-leipzig.com\/inhalt\/wp-json\/wp\/v2\/pages\/519"}],"wp:attachment":[{"href":"https:\/\/steuerkanzlei-leipzig.com\/inhalt\/wp-json\/wp\/v2\/media?parent=736"}],"curies":[{"name":"wp","href":"https:\/\/api.w.org\/{rel}","templated":true}]}}